site?
False
Is 9481117 composite?
True
Is 174501653 a prime number?
True
Is 206214171 composite?
True
Is 449759 a composite number?
False
Is 61263169 a prime number?
False
Is 25906415 a composite number?
True
Is 3902849 prime?
False
Is 5042699 a prime number?
False
Is 17667961 composite?
True
Is 31487081 a composite number?
False
Is 37425539 composite?
True
Is 115361 a prime number?
True
Is 276058037 a composite number?
False
Is 119125819 composite?
False
Is 9281753 composite?
True
Is 42448421 a prime number?
True
Is 7474783 composite?
False
Is 1226597 a composite number?
True
Is 1242343 a prime number?
False
Is 2011897 a prime number?
True
Is 31598426 composite?
True
Is 111978611 prime?
True
Is 6286439 a composite number?
True
Is 34149047 prime?
True
Is 3031267 a composite number?
False
Is 20675687 prime?
False
Is 298077029 a composite number?
False
Is 67699 prime?
True
Is 23041933 a prime number?
True
Is 315671 a prime number?
True
Is 8566849 prime?
True
Is 13929693 a prime number?
False
Is 91509753 composite?
True
Is 9124933 a composite number?
True
Is 605258 prime?
False
Is 35874994 a composite number?
True
Is 6412493 composite?
False
Is 66133339 a composite number?
True
Is 74837795 a prime number?
False
Is 247825913 a composite number?
True
Is 6985841 prime?
True
Is 1128977 composite?
False
Is 25990247 prime?
True
Is 19030111 a composite number?
False
Is 73710569 prime?
True
Is 443743907 prime?
False
Is 18739399 a prime number?
False
Is 375365369 composite?
False
Is 4319197 composite?
True
Is 496642711 a prime number?
True
Is 21027637 prime?
True
Is 22327653 prime?
False
Is 3742853 a prime number?
False
Is 145283 composite?
False
Is 9329203 a composite number?
True
Is 8102431 a composite number?
False
Is 7613791 a composite number?
False
Is 3446759 composite?
True
Is 9961999 composite?
True
Is 11427109 a composite number?
False
Is 21713443 composite?
False
Is 17646913 a prime number?
True
Is 64932493 composite?
False
Is 139281713 composite?
True
Is 11355431 a composite number?
False
Is 12392449 prime?
False
Is 30815753 prime?
True
Is 767009 a composite number?
True
Is 1664189 a prime number?
False
Is 7780873 prime?
True
Is 788498 a prime number?
False
Is 16263433 a prime number?
True
Is 1663073 a prime number?
True
Is 48047159 a prime number?
True
Is 4847863 a prime number?
False
Is 17975147 prime?
False
Is 603554543 a prime number?
True
Is 2187359 prime?
True
Is 821641 a prime number?
True
Is 71566567 composite?
True
Is 4587953 a prime number?
True
Is 7737073 a composite number?
True
Is 15649379 prime?
True
Is 5326243 prime?
False
Is 6374989 composite?
True
Is 774107 composite?
False
Is 751901 composite?
False
Is 1420253 a composite number?
False
Is 2161943 a composite number?
True
Is 2883317 prime?
True
Is 600737 composite?
True
Is 6022241 a prime number?
False
Is 37809179 a prime number?
True
Is 828169 composite?
False
Is 205574059 a composite number?
True
Is 206438843 prime?
False
Is 424525463 prime?
True
Is 3308077 prime?
True
Is 2250089 a composite number?
False
Is 2886623 prime?
False
Is 4830173 prime?
False
Is 6558449 a prime number?
True
Is 5249809 composite?
True
Is 8568199 prime?
False
Is 17326679 prime?
True
Is 10379543 a composite number?
False
Is 339556189 a composite number?
True
Is 27603397 a composite number?
True
Is 4501085 a composite number?
True
Is 25656941 a composite number?
True
Is 157419289 composite?
False
Is 24821149 a composite number?
True
Is 467456699 a prime number?
True
Is 200344699 a prime number?
False
Is 757657 composite?
True
Is 11190463 a composite number?
False
Is 202082359 prime?
False
Is 44957155 a composite number?
True
Is 1520741 composite?
True
Is 297764593 prime?
False
Is 465942383 prime?
True
Is 12541135 a composite number?
True
Is 93529 a composite number?
False
Is 7146329 prime?
False
Is 1281782 a prime number?
False
Is 18949961 prime?
False
Is 209076815 prime?
False
Is 15107117 a prime number?
True
Is 147653797 a composite number?
False
Is 1004719 a prime number?
False
Is 329426729 a composite number?
False
Is 479371 prime?
True
Is 479749 prime?
True
Is 5012857 a composite number?
False
Is 17352373 a composite number?
True
Is 50983409 composite?
True
Is 2348761145 composite?
True
Is 5590513 a prime number?
True
Is 3856763 a composite number?
False
Is 12352519 composite?
True
Is 2746311 prime?
False
Is 29427719 a prime number?
False
Is 298100017 prime?
True
Is 15028577 a prime number?
False
Is 54453793 a composite number?
True
Is 3688751 a prime number?
False
Is 46551157 composite?
False
Is 11767427 a composite number?
True
Is 200129381 composite?
True
Is 98802589 composite?
True
Is 24410891 a composite number?
True
Is 56551211 a prime number?
True
Is 2354647 prime?
False
Is 884899 a composite number?
False
Is 4562627 composite?
False
Is 2721577 composite?
False
Is 151313581 a prime number?
False
Is 209754341 prime?
True
Is 1104479 composite?
False
Is 5994451 composite?
True
Is 214611217 composite?
False
Is 18369595 prime?
False
Is 51043 prime?
True
Is 1002602521 composite?
False
Is 208232119 composite?
True
Is 322761743 prime?
True
Is 597497 a composite number?
False
Is 2018329 composite?
True
Is 79643378 a composite number?
True
Is 119381849 a composite number?
False
Is 51115609 a prime number?
False
Is 109017619 a composite number?
False
Is 1831243 composite?
False
Is 36530717 a composite number?
True
Is 84801707 a composite number?
False
Is 11037193 a prime number?
True
Is 20844947 prime?
True
Is 41620399 a composite number?
False
Is 5287727 prime?
True
Is 699463 composite?
False
Is 2987926 prime?
False
Is 39039041 a prime number?
False
Is 29043493 prime?
True
Is 32919449 composite?
False
Is 80729078 a composite number?
True
Is 86923 composite?
False
Is 23278787 a prime number?
False
Is 3696373 prime?
False
Is 191854823 a composite number?
False
Is 457250293 a composite number?
True
Is 17018611 a composite number?
False
Is 381604409 a prime number?
True
Is 18353393 composite?
False
Is 64429557 prime?
False
Is 1589613 prime?
False
Is 4601503 a prime number?
False
Is 28086557 a composite number?
True
Is 440085419 prime?
True
Is 241514653 a prime number?
True
Is 39573334 a composite number?
True
Is 1618678 a composite number?
True
Is 1293421 prime?
True
Is 13063067 a composite number?
True
Is 340123 a composite number?
True
Is 20274889 composite?
False
Is 528217 composite?
False
Is 15220973 prime?
True
Is 2318449 composite?
True
Is 172801 composite?
False
Is 12616733 prime?
True
Is 10020509 a composite number?
False
Is 1501913 a prime number?
False
Is 879797 prime?
True
Is 1048014697 composite?
False
Is 1911713 composite?
False
Is 123699281 prime?
True
Is 13378471 a prime number?
False
Is 603383701 a prime number?
True
Is 794224541 prime?
False
Is 15739231 a prime number?
False
Is 380073107 a prime number?
True
Is 2506421 composite?
False
Is 75973229 composite?
True
Is 86085073 a prime number?
True
Is 1914113 composite?
True
Is 22467689 a composite number?
False
Is 397277287 prime?
False
Is 230344841 composite?
False
Is 71417 a prime number?
False
Is 23798261 a prime number?
False
Is 7984001 a prime number?
True
Is 468011 a prime number?
True
Is 11037577 composite?
False
Is 18062173 a prime number?
True
Is 6308737 a prime number?
True
Is 464290427 a prime number?
True
Is 59045477 a prime number?
False
Is 11950357 a prime number?
False
Is 696422917 a prime number?
False
Is 2666491 composite?
False
Is 209327 prime?
True
Is 565013 a composite number?
False
Is 83007521 a prime number?
True
Is 1795563443 composite?
True
Is 21046979 composite?
False
Is 370514047 composite?
False
Is 43791323 composite?
False
Is 2516863 a composite number?
False
Is 64343483 a prime number?
False
Is 33003737 a prime number?
False
Is 125292523 a composite number?
True
Is 48654845 composite?
True
Is 5903761 composite?
False
Is 29650757 a prime number?
False
Is 2806907 prime?
True
Is 2283121 composite?
True
Is 273997 a composite number?
False
Is 9639349 a composite number?
False
Is 103567259 composite?
False
Is 4504391 a prime number?
True
Is 15828401 composite?
False
Is 1290648953 composite?
True
Is 126623 a composite number?
True
Is 579559 composite?
True
Is 8858669 a composite number?
True
Is 166407485 a prime n